928?
True
Is 285 a factor of 157244?
False
Is 16 a factor of 18628764?
False
Is 3049654 a multiple of 163?
False
Is 14795717 a multiple of 18?
False
Does 10 divide 1206430?
True
Is 36 a factor of 80762?
False
Does 42 divide 1556430?
False
Is 1290332 a multiple of 161?
False
Is 41582 a multiple of 17?
True
Does 601 divide 458832?
False
Is 1385406 a multiple of 18?
True
Is 811 a factor of 7925092?
True
Is 69103 a multiple of 5?
False
Does 15 divide 32732?
False
Does 227 divide 31099?
True
Does 14 divide 713524?
True
Does 33 divide 235950?
True
Is 6 a factor of 1279782?
True
Does 66 divide 542520?
True
Is 73 a factor of 4159332?
False
Is 1292795 a multiple of 27?
False
Is 78 a factor of 52766?
False
Does 86 divide 177686?
False
Does 36 divide 140724?
True
Is 1002546 a multiple of 18?
True
Is 101452 a multiple of 33?
False
Is 49671 a multiple of 3?
True
Is 288703 a multiple of 139?
True
Does 111 divide 64269?
True
Does 209 divide 755594?
False
Is 334 a factor of 358048?
True
Is 802125 a multiple of 43?
False
Does 128 divide 9339904?
True
Does 391 divide 1411244?
False
Is 1716228 a multiple of 80?
False
Is 621448 a multiple of 45?
False
Is 21038345 a multiple of 14?
False
Is 157 a factor of 180079?
True
Is 16 a factor of 218401?
False
Is 345640 a multiple of 8?
True
Is 464826 a multiple of 16?
False
Is 11 a factor of 21395?
True
Is 19 a factor of 3116358?
False
Is 54611 a multiple of 30?
False
Is 553955 a multiple of 382?
False
Does 383 divide 2349705?
True
Is 2275694 a multiple of 382?
False
Is 2 a factor of 2361466?
True
Is 62 a factor of 757070?
False
Is 942669 a multiple of 63?
True
Is 16 a factor of 464240?
True
Is 62815 a multiple of 10?
False
Is 887 a factor of 13487280?
False
Is 64347 a multiple of 241?
True
Is 49 a factor of 2749498?
False
Does 6 divide 5946530?
False
Does 9 divide 227325?
False
Does 19 divide 45372?
True
Is 122931 a multiple of 157?
True
Is 5155674 a multiple of 947?
False
Does 140 divide 1959874?
False
Is 140 a factor of 339500?
True
Is 1243 a factor of 2113100?
True
Is 34 a factor of 15433157?
False
Is 48 a factor of 11455056?
True
Is 355237 a multiple of 114?
False
Is 547 a factor of 4964025?
True
Does 71 divide 7296044?
False
Is 9 a factor of 109628?
False
Is 2162066 a multiple of 29?
True
Does 95 divide 2574500?
True
Is 693802 a multiple of 9?
False
Is 987107 a multiple of 15?
False
Is 23 a factor of 366528?
True
Does 6 divide 644058?
True
Is 158377 a multiple of 129?
False
Does 553 divide 903602?
True
Is 191 a factor of 1064061?
True
Does 5 divide 84460?
True
Does 512 divide 1630720?
True
Is 3 a factor of 197994?
True
Is 672141 a multiple of 32?
False
Is 188074 a multiple of 22?
False
Does 226 divide 726978?
False
Is 187738 a multiple of 2?
True
Does 246 divide 167756?
False
Is 193116 a multiple of 209?
True
Is 1202283 a multiple of 18?
False
Is 1269 a factor of 1158774?
False
Is 95880 a multiple of 24?
True
Is 42 a factor of 1255363?
False
Is 84 a factor of 263348?
False
Is 18 a factor of 574872?
False
Is 89423 a multiple of 73?
False
Is 3795012 a multiple of 12?
True
Is 147 a factor of 108633?
True
Does 22 divide 7788?
True
Does 43 divide 60329?
True
Is 26 a factor of 2262546?
True
Is 10 a factor of 279937?
False
Is 2332 a multiple of 53?
True
Is 2422109 a multiple of 289?
True
Does 7 divide 82435?
False
Is 6213040 a multiple of 592?
True
Is 437 a factor of 1056666?
True
Is 34 a factor of 5778810?
True
Is 67992 a multiple of 24?
True
Is 6186900 a multiple of 82?
True
Is 46770 a multiple of 45?
False
Is 420 a factor of 2154600?
True
Is 2632357 a multiple of 7?
True
Is 268 a factor of 1190724?
True
Is 89430 a multiple of 208?
False
Is 80 a factor of 2050003?
False
Is 38 a factor of 7307894?
True
Is 13 a factor of 6781625?
False
Is 5992494 a multiple of 3?
True
Is 58 a factor of 121597?
False
Is 3172200 a multiple of 622?
True
Is 20254192 a multiple of 937?
True
Is 558838 a multiple of 13?
False
Does 479 divide 80951?
True
Is 306723 a multiple of 14?
False
Is 178 a factor of 1446938?
False
Is 2399169 a multiple of 715?
False
Is 521 a factor of 2413272?
True
Is 59 a factor of 4410301?
False
Does 189 divide 932148?
True
Is 203 a factor of 1205008?
True
Is 197 a factor of 880393?
True
Does 137 divide 12192636?
False
Is 128 a factor of 240640?
True
Is 177 a factor of 372538?
False
Does 29 divide 7605017?
False
Is 19 a factor of 17908374?
True
Is 80 a factor of 428241?
False
Is 23987 a multiple of 5?
False
Is 33 a factor of 2039301?
True
Is 141834 a multiple of 91?
False
Is 4535855 a multiple of 28?
False
Does 536 divide 2025048?
False
Does 28 divide 188860?
True
Is 412972 a multiple of 49?
True
Is 9 a factor of 66258?
True
Is 72 a factor of 1176336?
True
Is 55404 a multiple of 18?
True
Is 16 a factor of 3842624?
True
Does 22 divide 79476?
False
Does 64 divide 4197632?
True
Is 260 a factor of 493220?
True
Does 13 divide 1265654?
True
Is 482449 a multiple of 19?
False
Is 958832 a multiple of 16?
True
Does 651 divide 3311637?
True
Does 7 divide 143198?
False
Is 423100 a multiple of 100?
True
Is 185968 a multiple of 16?
True
Is 111 a factor of 81185?
False
Is 1731249 a multiple of 23?
False
Is 98070 a multiple of 25?
False
Does 1222 divide 4325288?
False
Is 2674324 a multiple of 462?
False
Does 1464 divide 12866201?
False
Does 5 divide 102310?
True
Is 237 a factor of 2335?
False
Is 778985 a multiple of 39?
False
Does 59 divide 2101510?
False
Is 680720 a multiple of 508?
True
Is 2035662 a multiple of 471?
True
Is 10 a factor of 6925743?
False
Is 9 a factor of 2072595?
False
Is 8424 a multiple of 312?
True
Does 250 divide 480692?
False
Is 309 a factor of 4757055?
True
Is 29 a factor of 189637?
False
Does 8 divide 3304963?
False
Does 25 divide 395300?
True
Does 24 divide 440328?
True
Does 11 divide 336567?
True
Is 6 a factor of 8934?
True
Is 1022544 a multiple of 81?
True
Is 744650 a multiple of 53?
True
Does 64 divide 212670?
False
Does 409 divide 95297?
True
Is 528320 a multiple of 130?
True
Is 2 a factor of 23244?
True
Is 71375 a multiple of 5?
True
Is 48 a factor of 20592?
True
Is 150176 a multiple of 16?
True
Is 317 a factor of 78690?
False
Does 354 divide 12934045?
False
Does 39 divide 52845?
True
Is 83 a factor of 1852477?
True
Is 10145016 a multiple of 14?
True
Is 2299846 a multiple of 432?
False
Is 974 a factor of 11557484?
True
Does 4 divide 27676?
True
Is 2035950 a multiple of 147?
True
Is 403087 a multiple of 13?
False
Is 315684 even?
True
Is 175312 a multiple of 22?
False
Is 147 a factor of 5319783?
True
Is 446 a factor of 12457226?
True
Is 654 a factor of 125568?
True
Is 4 a factor of 1058540?
True
Does 134 divide 30420123?
False
Is 269926 a multiple of 467?
True
Does 108 divide 400032?
True
Does 8 divide 75592?
True
Is 1253440 a multiple of 160?
True
Is 63 a factor of 601540?
False
Does 27 divide 279288?
True
Is 192 a factor of 135020?
False
Does 20 divide 185054?
False
Is 38391 a multiple of 12?
False
Is 12 a factor of 6048?
True
Is 45 a factor of 927709?
False
Is 40 a factor of 6423320?
True
Is 11 a factor of 9692938?
False
Is 28 a factor of 50372?
True
Is 532 a factor of 28196?
True
Is 80 a factor of 4147950?
False
Does 785 divide 3468130?
True
Is 906675 a multiple of 55?
True
Is 520 a factor of 2283320?
True
Is 79 a factor of 90799?
False
Is 212 a factor of 3033720?
True
Is 412 a factor of 14829116?
True
Is 1740592 a multiple of 31?
False
Is 9 a factor of 74574?
True
Does 20 divide 153490?
False
Does 30 divide 29727030?
True
Is 71 a factor of 13297?
False
Is 12581839 a multiple of 2529?
False
Does 31 divide 16523?
True
Is 5668910 a multiple of 130?
True
Does 220 divide 1407608?
False
Is 6011885 a multiple of 356?
False
Is 76764 a multiple of 93?
False
Is 12 a factor of 177899?
False
Is 13 a factor of 76323?
True
Is 514 a factor of 529420?
True
Is 816048 a multiple of 4?
True
Is 25 a factor of 219150?
True
Is 3 a factor of 228807?
True
Does 26 divide 211354?
True
Does 403 divide 1129609?
True
Is 72 a factor of 10334016?
True
Is 19 a factor of 10671599?
False
Does 145 divide 66990?
True
Does 127 divide 67183?
True
Is 2349492 a multiple of 6?
True
Is 13824 a multiple of 192?
True
Is 83720 a multiple of 116?
False
Does 56 divide 143248?
True
Is 309 a factor of 2375592?
True
Is 176 a factor of 768526?
False
I